Let z = g - -14. What is the units digit of z?
7
Let m be (22/(-4))/(3/12). Let y = -14 - m. What is the units digit of y?
8
Let f be 3*(24/9 + -1). Let j(u) = -u**3 + 6*u**2 - 5. What is the tens digit of j(f)?
2
Suppose 3*j = -j + 44. Suppose -2*w - 1 = -j. What is the units digit of w?
5
Suppose -58 = 3*c - 5*i, -3*i + 88 = -5*c + i. Let l = 26 + c. What is the units digit of l?
0
Let u = -91 - -200. What is the units digit of u?
9
Let d be (33/1)/((-3)/(-4)). Suppose -d = -3*v - v. What is the units digit of v?
1
Let w = 167 + -50. Suppose 3*f = 6*s - s + 186, 2*f = s + w. What is the tens digit of f?
5
What is the units digit of 30 - (1 + -3)*4/2?
4
Let l(w) = -w**3 - 3*w**2 - 2*w - 4. Let c be l(-3). Let z(m) = 3*m**3 + 12*m**3 + c*m + 2*m**3 - 1. What is the tens digit of z(1)?
1
Let v(q) = 2*q**3 - 4*q**2 + q + 3. Let u be v(3). Let a = u + -13. What is the units digit of a?
1
Let k be -2 - (-4 + (-2)/(-1)). Suppose -8 = -2*o, -u - 3*o - o + 25 = k. Let j = u + -7. What is the units digit of j?
2
Suppose -h + 0*k - 16 = -4*k, h = k - 1. Suppose -3*t = -5*u - 0*t - 15, 0 = -3*u + t - 5. Suppose -4*n + h = -u. What is the units digit of n?
1
What is the units digit of (-18)/(-2 + (-20)/(-16))?
4
Let z(g) be the second derivative of g**4/12 + 2*g**3/3 - g**2 - 3*g. Let y be z(-5). Suppose -y*t + 12 = -2*t. What is the units digit of t?
2
Let f(o) = -24*o + 9. What is the tens digit of f(-3)?
8
Let t(g) = g + 7. Suppose -4*v - 20 = -0*v. Let n be t(v). Suppose -4*l - 4*k = 0, -5*k = 4*l + 2 + n. What is the units digit of l?
4
Let c be -4*3/(-4) - 19. Let d = c - -34. What is the tens digit of d?
1
Suppose 5*w + 18 = -i, 3*w = -i + w - 9. Let c(s) = 4*s + 3 - 2*s**2 - s**3 - s - 2*s. What is the units digit of c(i)?
9
Let o = -1 - -1. Suppose -5*z = 0, -2*k + 3*z = -o*k - 44. Let t = k + -16. What is the units digit of t?
6
Let w(q) = 2*q**2 - 4*q - 2. Let v be (-2)/10 - 130/(-25). What is the units digit of w(v)?
8
Suppose -4*s + 1 = 3*n - 7, s = -5*n + 19. Suppose -3*q = -2*u + 6, -u = -2*u + q + n. What is the units digit of u?
6
Suppose 2*w - 97 = 115. What is the units digit of w?
6
Suppose -d - 1 = 0, 5*v - 3*d = 2211 - 393. What is the units digit of v?
3
Let h(m) = -m**2 - 3*m. Let t be h(-4). Let l be (-10)/t*(-6)/(-15). Let z = 6 - l. What is the units digit of z?
5
Let g be ((-30)/18)/((-2)/42). Suppose -3*t + g = 2*t. What is the units digit of t?
7
Suppose -4*s = 2 + 2. Let p(w) = 1 + 7*w + 2*w + 2*w**2 - 8*w. What is the units digit of p(s)?
2
Let x(i) = i**3 + 9*i**2 - 7*i - 20. What is the units digit of x(-9)?
3
Suppose 5*o + 5 = 4*k, -2*o + 4*k = 8*k - 26. Suppose g - 5 = -w, -o*g - 4*w - w = -19. Suppose 6 = -u + g*u. What is the units digit of u?
3
Let o(h) = h**2 + 3*h + 2. Let s be o(-4). Suppose 0*t = 5*t + 15. What is the units digit of 19*3/(t + s)?
9
Suppose -y = -5*y + 2*i + 312, 5*i = -y + 67. What is the units digit of y?
7
Suppose 0 = 2*l - 1 - 9. Let m = l - -8. What is the units digit of m?
3
Let i(x) = -x**2 - 10*x - 3. Let q be i(-6). Suppose 5*o = q - 1. Let s(h) = -h**2 + 4*h + 5. What is the units digit of s(o)?
5
Let t = -5 - -10. Let x(o) = 3*o. What is the tens digit of x(t)?
1
What is the tens digit of 327/2 - 3/(-6) - 0?
6
Suppose -3*h + 4 = -h. Let t(z) = -z**3 - 4*z**2 + 10*z - 8. Let k be t(-6). Let g = h + k. What is the units digit of g?
6
Let n(d) be the first derivative of d**4/2 - d**3/3 - d**2 + d - 11. Let g = 8 - 6. What is the units digit of n(g)?
9
Let h(a) = 2*a**2 - 5*a + 6. Let t be h(5). Suppose 4*n + t = 167. What is the units digit of n?
4
What is the units digit of 26*-4*(-9)/24?
9
Suppose -13 - 11 = -2*n. What is the units digit of n?
2
Let h(d) = d**2 + 2*d - 5. Let u be h(-4). Suppose 24 = -0*p - p + 5*r, -u*r + 28 = -4*p. What is the units digit of (-6)/p*4/3?
2
Let b = -29 - -79. What is the tens digit of ((-144)/40)/((-4)/b)?
4
Let f = -1 + 3. Suppose 5*i + k = 15, i = -f*i + 2*k + 22. Suppose -i*q + 2*q + 12 = 0. What is the units digit of q?
6
Suppose -34 = -h - 2*z, 7*h - 124 = 3*h - 2*z. Suppose -4*o + 9*o = h. What is the units digit of o?
6
Let c(t) = t**3 - 10*t**2 + t - 3. Let o be c(10). Suppose 0 = -o*q + 6*q + 42. What is the tens digit of q?
4
Suppose 0 = 4*n - 0*n + 4*f - 12, 3*n + 16 = 2*f. Let i = n + 6. What is the units digit of i?
4
Let h(v) = -v**2 + 7*v - 4. Let a be h(6). Suppose 2*i + 3*o = -0*o, 3*i = -a*o. Suppose 2*y + 2*l = -2*y + 16, i = 2*l + 8. What is the units digit of y?
6
Let x(r) = -r**3 + 2*r**2 + 4*r. Let b be x(3). Suppose -2*s = 3*w - 49, -33 - 41 = -b*s - 4*w. What is the tens digit of s?
2
What is the hundreds digit of (-6 + 4)/((-14)/917)?
1
Suppose 0 = -4*g + m - 2*m - 23, g - m = -7. Let p(x) = 1. Let z(c) = c**2 + 8*c + 6. Let h(f) = -2*p(f) - z(f). What is the units digit of h(g)?
4
Let t(w) = w**3 + 5*w**2 - 6*w + 14. What is the hundreds digit of t(4)?
1
Let h be 0 - (3/3 + 7). Let m = -3 - h. What is the units digit of m?
5
Suppose 5*n - 2*l = -4*l + 15, -4*l + 3 = n. Suppose 5*m - 2 = n*m. What is the tens digit of 13 + m + -3 + 2?
1
Suppose 2*o - 3*g + 19 = 0, -5*g + 12 = -g. Let q = o - -6. Let f(x) = 16*x**2 - x + 1. What is the tens digit of f(q)?
1
What is the units digit of -5*4/(-10) - -12?
4
Let j(u) = u**2 - 14*u + 2. What is the units digit of j(15)?
7
Suppose 5*u + 700 = 9*u. What is the units digit of u?
5
Let p(o) = o**3 + 12*o**2 + 11*o + 1. Let i be p(-11). What is the units digit of -1 + (-3)/i + 11?
7
Let l = -26 - -30. What is the units digit of (30 - (l - 3)) + -2?
7
Let j(p) = 11*p + 2. What is the tens digit of j(9)?
0
Suppose 0 = -2*z + z + 4*r + 31, -32 = -2*z + 2*r. Let d = -7 + z. What is the units digit of d?
4
Let d be 3*(-2 + 3) + 118. Suppose d = 4*v - 2*w - w, 5*v - 2*w = 146. What is the tens digit of v?
2
Let l be 115/(-35) + 4/14. Let s be ((-2)/l)/((-1)/(-21)). Let w = s + -7. What is the units digit of w?
7
Suppose 0 = r - 0*r - 46. Let s be -3 - 3744/(-56) - 2/(-14). Let b = s - r. What is the tens digit of b?
1
Suppose 4*q - 6 = u - 4*u, -4*u = 3*q - 8. Let a be (6 - q)/(1 + 1). Suppose -15 + a = -3*p. What is the units digit of p?
4
Let z be 1 - (0 - 1)/1. Suppose -z*m + m + 3 = 0. What is the units digit of m?
3
Let d(p) = -p**3 + 15*p**2 + 43*p - 58. What is the tens digit of d(17)?
9
Let s = 33 - 2. What is the units digit of s?
1
Let a(t) = -22*t**3 - 2*t**2 - t + 2. Let p be a(1). Let l = -18 - p. What is the units digit of l?
5
Let o(y) = -y**2 - 8*y + 1. Suppose 5*w - w + 32 = 0. Let s be o(w). Suppose -x + s = -5. What is the units digit of x?
6
Let j = 24 - 36. Let p = -3 - j. What is the units digit of p?
9
What is the tens digit of 12/3 - (3 + -286)?
8
Let z(p) = 2*p + 9. Let t be z(-6). Let g(k) be the second derivative of -k**5/20 + k**3/2 + k**2 - 6*k. What is the units digit of g(t)?
0
Suppose -c = -5*c + 8. Suppose 0*q = c*q - 20. What is the units digit of q?
0
Let x be (3 + -18)*3/(-9). Let a = x - 2. What is the units digit of a?
3
Suppose -4*r - 249 = -d - 4*d, -2*d - 5*r + 126 = 0. What is the units digit of d?
3
Suppose 3*o + o + 2*g = 276, -2 = -g. What is the units digit of o?
8
Let n(r) = -19*r - 26. What is the hundreds digit of n(-11)?
1
Let r(z) = 2*z**3 - 9*z**2 - 12*z + 12. What is the hundreds digit of r(7)?
1
Suppose -n + 128 - 2 = 0. What is the hundreds digit of n?
1
Let b(o) = -o**2 - 6*o - 3. Let h be b(-2). Suppose 2*w - 3*m - 5 = 0, h*w - 3*m = 17 - 0. Suppose -w*g + 18 = -2, 2*g = 4*v - 18. What is the units digit of v?
7
What is the units digit of 18/45 - 356/(-10)?
6
Suppose -5*z = 4*x - 341, 0 = -x + 3*z - 0*z + 81. What is the units digit of x?
4
Let w(p) = -1 + 0*p + 4*p**2 - 3*p + p. What is the units digit of w(2)?
1
Let r(d) = 2*d**2. Let w be r(-1). Let y(b) = -2*b - 3 + b**2 + 7 - 3. What is the units digit of y(w)?
1
Suppose 0 = 4*y - 5*i - 1367, -3*i - 1166 + 483 = -2*y. What is the tens digit of y?
4
Let w = 3 - 3. Let u = 7 - w. What is the units digit of u?
7
Let c(j) = j**2 - 2*j - 2. Suppose 5*z + 47 - 12 = 0. Let w = z - -11. What is the units digit of c(w)?
6
Let s = -4 + 8. Suppose -s*r - 3*i + 30 = -r, 2*r - 3*i - 25 = 0. What is the units digit of r?
1
Let n = 10 + -7. What is the units digit of 1/n*3 + 2?
3
Let l(p) = p**